the greatest common divisor of 76 and 437.
19
What is the highest common factor of 186 and 29264?
62
What is the highest common divisor of 690 and 70?
10
What is the highest common divisor of 598 and 230?
46
What is the greatest common divisor of 41 and 28741?
41
What is the highest common divisor of 24 and 207?
3
What is the greatest common divisor of 231 and 35?
7
Calculate the highest common divisor of 4182 and 123.
123
Calculate the greatest common divisor of 94 and 2.
2
Calculate the greatest common divisor of 1377 and 68.
17
Calculate the highest common factor of 841 and 116.
29
What is the highest common factor of 76 and 817?
19
What is the highest common factor of 16 and 162?
2
What is the highest common factor of 84 and 948?
12
Calculate the highest common factor of 1854 and 54.
18
What is the greatest common divisor of 6 and 2658?
6
Calculate the highest common factor of 28 and 11732.
28
What is the highest common divisor of 1088 and 34?
34
Calculate the greatest common factor of 24 and 2264.
8
What is the greatest common divisor of 32 and 16?
16
Calculate the highest common divisor of 1620 and 1377.
81
What is the highest common divisor of 324 and 2052?
108
What is the highest common factor of 736 and 1656?
184
Calculate the highest common divisor of 4365 and 165.
15
What is the highest common factor of 825 and 2035?
55
Calculate the highest common divisor of 575 and 850.
25
Calculate the highest common divisor of 204 and 24.
12
Calculate the greatest common factor of 96 and 60.
12
What is the greatest common factor of 24 and 208?
8
Calculate the highest common factor of 438 and 12.
6
Calculate the highest common divisor of 195 and 135.
15
What is the greatest common factor of 26 and 3757?
13
Calculate the highest common factor of 612 and 300.
12
What is the highest common factor of 1071 and 51?
51
Calculate the highest common factor of 15496 and 149.
149
Calculate the greatest common divisor of 276 and 24.
12
What is the greatest common divisor of 96 and 132?
12
What is the highest common divisor of 38 and 456?
38
What is the greatest common factor of 144 and 558?
18
Calculate the highest common divisor of 518 and 2960.
74
Calculate the greatest common divisor of 3 and 156.
3
What is the highest common factor of 175 and 125?
25
What is the highest common divisor of 15308 and 712?
356
What is the greatest common divisor of 408 and 4624?
136
What is the greatest common divisor of 2123 and 2702?
193
Calculate the highest common divisor of 24 and 136.
8
Calculate the highest common factor of 332 and 5146.
166
Calculate the highest common factor of 1100 and 100.
100
What is the greatest common divisor of 94 and 1504?
94
What is the highest common factor of 176 and 656?
16
What is the greatest common divisor of 176 and 16?
16
What is the highest common factor of 69 and 437?
23
Calculate the greatest common divisor of 738 and 656.
82
Calculate the greatest common factor of 2537 and 215.
43
Calculate the highest common factor of 6 and 306.
6
Calculate the highest common divisor of 3501 and 81.
9
What is the greatest common factor of 637 and 833?
49
What is the greatest common divisor of 6 and 1866?
6
Calculate the highest common factor of 305 and 25.
5
What is the greatest common divisor of 169 and 663?
13
Calculate the greatest common factor of 12 and 564.
12
Calculate the highest common factor of 4225 and 50.
25
Calculate the greatest common factor of 200 and 760.
40
Calculate the greatest common divisor of 16511 and 418.
209
Calculate the greatest common divisor of 3157 and 77.
77
What is the greatest common divisor of 279 and 9641?
31
What is the highest common factor of 495 and 132?
33
What is the highest common factor of 82 and 82?
82
What is the highest common divisor of 3162 and 434?
62
Calculate the highest common factor of 2208 and 69.
69
Calculate the greatest common factor of 169 and 26.
13
What is the highest common divisor of 2628 and 36?
36
Calculate the highest common factor of 6 and 1605.
3
What is the highest common divisor of 1110 and 30?
30
What is the greatest common factor of 294 and 6?
6
What is the greatest common divisor of 15 and 2085?
15
Calculate the highest common divisor of 121 and 88.
11
Calculate the greatest common factor of 130 and 20.
10
What is the highest common factor of 992 and 32?
32
Calculate the greatest common divisor of 6 and 318.
6
What is the highest common divisor of 1947 and 330?
33
Calculate the greatest common divisor of 4563 and 312.
39
What is the highest common divisor of 26 and 4?
2
Calculate the greatest common factor of 30 and 250.
10
Calculate the greatest common divisor of 28 and 924.
28
Calculate the greatest common factor of 62 and 23126.
62
What is the greatest common divisor of 192 and 552?
24
Calculate the greatest common divisor of 3113 and 849.
283
What is the greatest common factor of 2 and 98?
2
Calculate the highest common divisor of 68 and 187.
17
Calculate the highest common factor of 1953 and 91.
7
Calculate the highest common factor of 31 and 465.
31
What is the highest common factor of 399 and 168?
21
What is the highest common divisor of 80 and 128?
16
Calculate the highest common divisor of 91 and 4511.
13
What is the highest common divisor of 4184 and 1?
1
What is the highest common divisor of 2759 and 31?
31
Calculate the greatest common divisor of 1170 and 117.
117
What is the greatest common factor of 498 and 18?
6
Calculate the greatest common divisor of 38 and 817.
19
Calculate the highest common divisor of 54 and 60.
6
Calculate the greatest common factor of 119 and 85.
17
Calculate the greatest common factor of 250 and 650.
50
Calculate the highest common factor of 7828 and 3296.
412
Calculate the highest common divisor of 264 and 825.
33
Calculate the highest common divisor of 580 and 14210.
290
What is the highest common factor of 224 and 21?
7
What is the highest common factor of 10945 and 55?
55
What is the highest common factor of 27 and 1485?
27
Calculate the greatest common factor of 10 and 1250.
10
What is the greatest common factor of 148 and 13468?
148
What is the greatest common factor of 63 and 1869?
21
Calculate the greatest common divisor of 30961 and 7.
7
Calculate the greatest common factor of 30 and 1005.
15
What is the highest common factor of 8 and 3?
1
Calculate the highest common divisor of 5395 and 195.
65
What is the highest common divisor of 39 and 27?
3
What is the highest common divisor of 264 and 99?
33
Calculate the highest common factor of 5 and 145.
5
Calculate the highest common factor of 64 and 126.
2
Calculate the highest common factor of 214 and 2.
2
What is the highest common divisor of 171 and 266?
19
Calculate the greatest common factor of 123100 and 100.
100
What is the greatest common divisor of 1058 and 46?
46
What is the highest common divisor of 38 and 2?
2
Calculate the highest common divisor of 21 and 1281.
21
Calculate the greatest common divisor of 22816 and 96.
32
What is the highest common factor of 26 and 18?
2
Calculate the greatest common divisor of 150 and 4700.
50
What is the greatest common divisor of 143 and 1287?
143
What is the highest common factor of 5 and 53?
1
Calculate the highest common divisor of 66 and 12903.
33
Calculate the greatest common factor of 656 and 32.
16
Calculate the highest common factor of 84 and 1596.
84
What is the highest common divisor of 10 and 350?
10
Calculate the highest common divisor of 228 and 5168.
76
What is the greatest common factor of 712 and 56?
8
Calculate the greatest common divisor of 55 and 385.
55
What is the highest common divisor of 927 and 225?
9
Calculate the highest common divisor of 584 and 10147.
73
Calculate the greatest common factor of 532 and 28.
28
What is the greatest common factor of 627 and 1539?
57
Calculate the greatest common divisor of 112 and 328.
8
Calculate the greatest common divisor of 180 and 72.
36
Calculate the greatest common factor of 20 and 4580.
20
What is the greatest common factor of 12 and 654?
6
Calculate the highest common divisor of 54 and 81.
27
Calculate the greatest common divisor of 14 and 350.
14
Calculate the greatest common factor of 201 and 213.
3
Calculate the greatest common factor of 16 and 284.
4
What is 